{"id":8481,"date":"2022-12-06T07:04:16","date_gmt":"2022-12-06T07:04:16","guid":{"rendered":"https:\/\/alfayazilim.com.tr\/serdaroglu\/?page_id=8481"},"modified":"2022-12-06T07:21:10","modified_gmt":"2022-12-06T07:21:10","slug":"4350-calpara-cekvalf","status":"publish","type":"page","link":"https:\/\/www.serdaroglu.com.tr\/index.php\/urunler\/tesisat-malzemeleri\/faf\/princ-armaturler\/4350-calpara-cekvalf\/","title":{"rendered":"4350 \u00c7alpara \u00c7ekvalf"},"content":{"rendered":"\t\t<div data-elementor-type=\"wp-page\" data-elementor-id=\"8481\" class=\"elementor elementor-8481\">\n\t\t\t\t        <section class=\"elementor-section elementor-top-section elementor-element elementor-element-bd3204b elementor-section-boxed elementor-section-height-default elementor-section-height-default qodef-elementor-content-no ct-header-fixed-none ct-column-none ct-row-scroll-none ct-row-gradient--none\" data-id=\"bd3204b\" data-element_type=\"section\">\n            \n                        <div class=\"elementor-container elementor-column-gap-default \">\n                    <div class=\"elementor-column elementor-col-50 elementor-top-column elementor-element elementor-element-4f7a660 ct-column-none col-offset-none col-color-offset-none\" data-id=\"4f7a660\" data-element_type=\"column\">\n        <div class=\"elementor-widget-wrap elementor-element-populated\">\n                    \n        \t\t<div class=\"elementor-element elementor-element-6adfde5 elementor-widget elementor-widget-image\" data-id=\"6adfde5\" data-element_type=\"widget\" data-widget_type=\"image.default\">\n\t\t\t\t<div class=\"elementor-widget-container\">\n\t\t\t\t\t\t\t\t\t\t\t\t\t\t\t<img fetchpriority=\"high\" decoding=\"async\" width=\"500\" height=\"500\" src=\"https:\/\/www.serdaroglu.com.tr\/wp-content\/uploads\/2022\/12\/4350-calpara-cekvalf.png\" class=\"attachment-large size-large wp-image-8483\" alt=\"\" srcset=\"https:\/\/www.serdaroglu.com.tr\/wp-content\/uploads\/2022\/12\/4350-calpara-cekvalf.png 500w, https:\/\/www.serdaroglu.com.tr\/wp-content\/uploads\/2022\/12\/4350-calpara-cekvalf-300x300.png 300w, https:\/\/www.serdaroglu.com.tr\/wp-content\/uploads\/2022\/12\/4350-calpara-cekvalf-150x150.png 150w, https:\/\/www.serdaroglu.com.tr\/wp-content\/uploads\/2022\/12\/4350-calpara-cekvalf-90x90.png 90w, https:\/\/www.serdaroglu.com.tr\/wp-content\/uploads\/2022\/12\/4350-calpara-cekvalf-96x96.png 96w, https:\/\/www.serdaroglu.com.tr\/wp-content\/uploads\/2022\/12\/4350-calpara-cekvalf-460x460.png 460w\" sizes=\"(max-width: 500px) 100vw, 500px\" \/>\t\t\t\t\t\t\t\t\t\t\t\t\t\t\t<\/div>\n\t\t\t\t<\/div>\n\t\t\t\t<div class=\"elementor-element elementor-element-05ef95d elementor-widget elementor-widget-ct_button\" data-id=\"05ef95d\" data-element_type=\"widget\" data-widget_type=\"ct_button.default\">\n\t\t\t\t<div class=\"elementor-widget-container\">\n\t\t\t\t\t<div id=\"ct_button-05ef95d\" class=\"ct-button-wrapper ct-button-layout1\">\r\n    <div class=\"ct-inline-css\"  data-css=\"\r\n        \">\r\n    <\/div>\r\n\r\n            <span class=\"ct-icon-active\"><\/span>\r\n        <a href=\"https:\/\/alfayazilim.com.tr\/serdaroglu\/wp-content\/uploads\/2022\/12\/faf4350-pi\u0307ri\u0307nc-cekvalf-calpara.pdf\" class=\"btn btn-circle-text btn-ctext  icon-ps- \" data-wow-delay=\"ms\">\r\n                            <span class=\"ct-button-icon ct-icon-normal ct-align-icon-\">\r\n                            <\/span>\r\n                <span class=\"ct-button-text\">\r\n            E- KATALOG        <\/span>\r\n    <\/a>\r\n<\/div>\t\t\t\t<\/div>\n\t\t\t\t<\/div>\n\t\t\t\t<div class=\"elementor-element elementor-element-e2ee06f elementor-widget elementor-widget-ct_button\" data-id=\"e2ee06f\" data-element_type=\"widget\" data-widget_type=\"ct_button.default\">\n\t\t\t\t<div class=\"elementor-widget-container\">\n\t\t\t\t\t<div id=\"ct_button-e2ee06f\" class=\"ct-button-wrapper ct-button-layout1\">\r\n    <div class=\"ct-inline-css\"  data-css=\"\r\n        \">\r\n    <\/div>\r\n\r\n            <span class=\"ct-icon-active\"><\/span>\r\n        <a href=\"#\" class=\"btn btn-circle-text btn-ctext  icon-ps- \" data-wow-delay=\"ms\">\r\n                            <span class=\"ct-button-icon ct-icon-normal ct-align-icon-\">\r\n                            <\/span>\r\n                <span class=\"ct-button-text\">\r\n            SATIN AL        <\/span>\r\n    <\/a>\r\n<\/div>\t\t\t\t<\/div>\n\t\t\t\t<\/div>\n\t\t            <\/div>\n        <\/div>\n                <div class=\"elementor-column elementor-col-50 elementor-top-column elementor-element elementor-element-a0b6ea3 ct-column-none col-offset-none col-color-offset-none\" data-id=\"a0b6ea3\" data-element_type=\"column\">\n        <div class=\"elementor-widget-wrap elementor-element-populated\">\n                    \n        \t\t<div class=\"elementor-element elementor-element-9b46464 elementor-widget elementor-widget-text-editor\" data-id=\"9b46464\" data-element_type=\"widget\" data-widget_type=\"text-editor.default\">\n\t\t\t\t<div class=\"elementor-widget-container\">\n\t\t\t\t\t\t\t\t\t<p>\u00a0<\/p><p>\u00a0<\/p><table width=\"416\"><tbody><tr><td colspan=\"2\"><strong>\u00dcRET\u0130M STANDARTLARI<\/strong><\/td><\/tr><tr><td colspan=\"2\"><strong>DN15\u2192 DN50<\/strong><br \/><strong>PN 16<\/strong><\/td><\/tr><tr><td><strong>Ba\u011flant\u0131<\/strong><\/td><td>Di\u015fli EN ISO 228-1<\/td><\/tr><tr><td><strong>Testler<\/strong><\/td><td>EN 12266-1<\/td><\/tr><tr><td><strong>Markalama<\/strong><\/td><td>EN 19<\/td><\/tr><\/tbody><\/table>\t\t\t\t\t\t\t\t<\/div>\n\t\t\t\t<\/div>\n\t\t            <\/div>\n        <\/div>\n                    <\/div>\n        <\/section>\n                <section class=\"elementor-section elementor-top-section elementor-element elementor-element-168c0c8 elementor-section-boxed elementor-section-height-default elementor-section-height-default qodef-elementor-content-no ct-header-fixed-none ct-column-none ct-row-scroll-none ct-row-gradient--none\" data-id=\"168c0c8\" data-element_type=\"section\">\n            \n                        <div class=\"elementor-container elementor-column-gap-default \">\n                    <div class=\"elementor-column elementor-col-100 elementor-top-column elementor-element elementor-element-b0c4b2b ct-column-none col-offset-none col-color-offset-none\" data-id=\"b0c4b2b\" data-element_type=\"column\">\n        <div class=\"elementor-widget-wrap elementor-element-populated\">\n                    \n        \t\t<div class=\"elementor-element elementor-element-b1bc524 elementor-widget elementor-widget-text-editor\" data-id=\"b1bc524\" data-element_type=\"widget\" data-widget_type=\"text-editor.default\">\n\t\t\t\t<div class=\"elementor-widget-container\">\n\t\t\t\t\t\t\t\t\t<p><strong>\u00d6ZELL\u0130KLER\u0130<\/strong><\/p><ul><li>G\u00f6vde \u00fczerinde i\u015flenen s\u0131zd\u0131rmazl\u0131k y\u00fczeyinde, ak\u0131\u015f y\u00f6n\u00fcne do\u011fru dikey olarak yerle\u015ftirilen MS58 pirin\u00e7 disk, ak\u0131\u015fkan geri d\u00f6n\u00fc\u015f kuvveti ile % 100 s\u0131k\u0131 s\u0131zd\u0131rmazl\u0131k sa\u011flar.<\/li><li>Sistemde belirlenen ak\u0131\u015f y\u00f6n\u00fcnde hareket ba\u015flad\u0131\u011f\u0131nda ak\u0131\u015fkan bas\u0131nc\u0131yla disk, mente\u015fe ekseninde d\u00f6nerek ak\u0131\u015fa izin verir.<\/li><li>Yatay ve dikey konumlarda kullan\u0131labilir.<\/li><li>MS58 kaliteli pirin\u00e7ten \u00fcretilen FAF markal\u0131 pirin\u00e7 \u00fcr\u00fcnleri, d\u00fc\u015f\u00fck s\u0131cakl\u0131kta y\u00fcksek dayan\u0131kl\u0131l\u0131k ve darbe direncine sahiptir.<\/li><li>Ak\u0131\u015f durdu\u011funda disk tekrar ak\u0131\u015f kesitine konumlan\u0131r ve g\u00f6vde \u00fczerine yerle\u015ftirilmi\u015f s\u0131zd\u0131rmazl\u0131k contas\u0131na oturur.<\/li><li>Boru hatt\u0131ndaki bas\u0131n\u00e7 kayb\u0131n\u0131 minimum seviyede tutacak \u015fekilde tasarlanm\u0131\u015ft\u0131r.<\/li><\/ul><p><strong>UYGULAMA ALANLARI<\/strong><\/p><ul><li>S\u0131cak ve so\u011fuk su<\/li><li>Ya\u011flar<\/li><li>Is\u0131tma So\u011futma<\/li><li>Konut ve end\u00fcstriyel uygulamalar<\/li><li>Bas\u0131n\u00e7l\u0131 hava tesisatlar\u0131<\/li><\/ul><p><strong>SICAKLIK<\/strong><\/p><p>-10, +90 \u00b0C<\/p>\t\t\t\t\t\t\t\t<\/div>\n\t\t\t\t<\/div>\n\t\t            <\/div>\n        <\/div>\n                    <\/div>\n        <\/section>\n        \t\t<\/div>\n\t\t","protected":false},"excerpt":{"rendered":"<p>E- KATALOG SATIN AL \u00a0 \u00a0 \u00dcRET\u0130M STANDARTLARI DN15\u2192 DN50PN 16 Ba\u011flant\u0131 Di\u015fli EN ISO 228-1 Testler EN 12266-1 Markalama EN 19 \u00d6ZELL\u0130KLER\u0130 G\u00f6vde \u00fczerinde i\u015flenen s\u0131zd\u0131rmazl\u0131k y\u00fczeyinde, ak\u0131\u015f y\u00f6n\u00fcne do\u011fru dikey olarak yerle\u015ftirilen MS58 pirin\u00e7 disk, ak\u0131\u015fkan geri d\u00f6n\u00fc\u015f kuvveti ile % 100 s\u0131k\u0131 s\u0131zd\u0131rmazl\u0131k sa\u011flar. Sistemde belirlenen ak\u0131\u015f y\u00f6n\u00fcnde hareket ba\u015flad\u0131\u011f\u0131nda ak\u0131\u015fkan bas\u0131nc\u0131yla [&hellip;]<\/p>\n","protected":false},"author":2,"featured_media":0,"parent":8239,"menu_order":0,"comment_status":"closed","ping_status":"closed","template":"","meta":{"_joinchat":[],"footnotes":""},"class_list":["post-8481","page","type-page","status-publish","hentry"],"_links":{"self":[{"href":"https:\/\/www.serdaroglu.com.tr\/index.php\/wp-json\/wp\/v2\/pages\/8481","targetHints":{"allow":["GET"]}}],"collection":[{"href":"https:\/\/www.serdaroglu.com.tr\/index.php\/wp-json\/wp\/v2\/pages"}],"about":[{"href":"https:\/\/www.serdaroglu.com.tr\/index.php\/wp-json\/wp\/v2\/types\/page"}],"author":[{"embeddable":true,"href":"https:\/\/www.serdaroglu.com.tr\/index.php\/wp-json\/wp\/v2\/users\/2"}],"replies":[{"embeddable":true,"href":"https:\/\/www.serdaroglu.com.tr\/index.php\/wp-json\/wp\/v2\/comments?post=8481"}],"version-history":[{"count":7,"href":"https:\/\/www.serdaroglu.com.tr\/index.php\/wp-json\/wp\/v2\/pages\/8481\/revisions"}],"predecessor-version":[{"id":8492,"href":"https:\/\/www.serdaroglu.com.tr\/index.php\/wp-json\/wp\/v2\/pages\/8481\/revisions\/8492"}],"up":[{"embeddable":true,"href":"https:\/\/www.serdaroglu.com.tr\/index.php\/wp-json\/wp\/v2\/pages\/8239"}],"wp:attachment":[{"href":"https:\/\/www.serdaroglu.com.tr\/index.php\/wp-json\/wp\/v2\/media?parent=8481"}],"curies":[{"name":"wp","href":"https:\/\/api.w.org\/{rel}","templated":true}]}}